{"id":17,"date":"2021-10-15T12:56:16","date_gmt":"2021-10-15T10:56:16","guid":{"rendered":"http:\/\/smartprojetpro.fr\/?page_id=17"},"modified":"2023-11-05T17:30:20","modified_gmt":"2023-11-05T16:30:20","slug":"analyse-personnalite-professionnelle","status":"publish","type":"page","link":"https:\/\/smartprojetpro.fr\/accueil\/analyse-personnalite-professionnelle\/","title":{"rendered":"Smart Projet Pro"},"content":{"rendered":"\n<div class=\"wp-block-columns alignfull is-layout-flex wp-container-core-columns-is-layout-9d6595d7 wp-block-columns-is-layout-flex\">\n<div class=\"wp-block-column is-layout-flow wp-block-column-is-layout-flow\">\n<figure class=\"wp-block-image size-large is-resized is-style-default\"><img fetchpriority=\"high\" decoding=\"async\" width=\"682\" height=\"1024\" src=\"http:\/\/smartprojetpro.fr\/wp-content\/uploads\/2021\/10\/photosab-682x1024.jpg\" alt=\"\" class=\"wp-image-210\" style=\"width:572px;height:858px\" srcset=\"https:\/\/smartprojetpro.fr\/wp-content\/uploads\/2021\/10\/photosab-682x1024.jpg 682w, https:\/\/smartprojetpro.fr\/wp-content\/uploads\/2021\/10\/photosab-200x300.jpg 200w, https:\/\/smartprojetpro.fr\/wp-content\/uploads\/2021\/10\/photosab-768x1154.jpg 768w, https:\/\/smartprojetpro.fr\/wp-content\/uploads\/2021\/10\/photosab-1022x1536.jpg 1022w, https:\/\/smartprojetpro.fr\/wp-content\/uploads\/2021\/10\/photosab-1363x2048.jpg 1363w, https:\/\/smartprojetpro.fr\/wp-content\/uploads\/2021\/10\/photosab-scaled.jpg 1704w\" sizes=\"(max-width: 682px) 100vw, 682px\" \/><\/figure>\n<\/div>\n\n\n\n<div class=\"wp-block-column is-layout-flow wp-block-column-is-layout-flow\">\n<h2 class=\"wp-block-heading has-text-align-center has-text-color has-large-font-size\" id=\"sabine-morellon-sauguet\" style=\"color:#ffc1d0\">SABINE MORELLON-SAUGUET<\/h2>\n\n\n\n<ul class=\"wp-block-list\">\n<li>Consultante en Orientation Professionnelle et Scolaire <\/li>\n\n\n\n<li>Analyse de la Personnalit\u00e9 Professionnelle (A2P)<\/li>\n\n\n\n<li>Coaching jeunes et adultes en reconversion<\/li>\n\n\n\n<li>Coach Consultante en Evolution Professionnelle : Bilan de Comp\u00e9tences<\/li>\n<\/ul>\n\n\n\n<p>Cr\u00e9atrice de la soci\u00e9t\u00e9 <strong>Smart Projet Pro<\/strong>, je vous accompagne dans la pr\u00e9paration de votre projet d\u2019orientation professionnelle et de formation avec la r\u00e9alisation de l&rsquo;analyse de personnalit\u00e9 professionnelle. Je vous aide \u00e0 d\u00e9velopper et entretenir votre motivation. <\/p>\n\n\n\n<p>Passionn\u00e9e par l\u2019orientation, les transitions de vie professionnelle et le coaching, je vous propose <strong>mes services <\/strong>:  <\/p>\n\n\n\n<ul class=\"wp-block-list\">\n<li><a href=\"https:\/\/smartprojetpro.fr\/accueil\/reconversion-professionnelle\/\" target=\"_blank\" rel=\"noreferrer noopener\">Transition et reconversion professionnelle<\/a><\/li>\n\n\n\n<li><a href=\"https:\/\/smartprojetpro.fr\/accueil\/bilan-competences\/\">Bilan de Comp\u00e9tences<\/a><\/li>\n\n\n\n<li><a href=\"https:\/\/smartprojetpro.fr\/accueil\/orientation-scolaire\/\" target=\"_blank\" rel=\"noreferrer noopener\">Orientation scolaire<\/a><\/li>\n\n\n\n<li><a href=\"https:\/\/smartprojetpro.fr\/accueil\/coaching-techniques-recherche-emploi\/\" target=\"_blank\" rel=\"noreferrer noopener\">Recherche de stages, de formations<\/a><\/li>\n\n\n\n<li><a href=\"https:\/\/smartprojetpro.fr\/accueil\/coaching-techniques-recherche-emploi\/\" target=\"_blank\" rel=\"noreferrer noopener\">Techniques de Recherche d&rsquo;Emploi (TRE)<\/a><\/li>\n\n\n\n<li><a href=\"https:\/\/smartprojetpro.fr\/accueil\/coaching-techniques-recherche-emploi\/\" target=\"_blank\" rel=\"noreferrer noopener\">Entrainement aux oraux de recrutement<\/a><\/li>\n\n\n\n<li><a href=\"https:\/\/smartprojetpro.fr\/accueil\/coaching-techniques-recherche-emploi\/\" target=\"_blank\" rel=\"noreferrer noopener\">Compl\u00e9mentarit\u00e9 entreprises : aide au recrutement <\/a><\/li>\n\n\n\n<li><a href=\"https:\/\/smartprojetpro.fr\/accueil\/coaching-techniques-recherche-emploi\/\" target=\"_blank\" rel=\"noreferrer noopener\">Conseils et accompagnement dans la gestion du stress et des \u00e9motions<\/a><\/li>\n\n\n\n<li>Coaching \u00e0 la carte<\/li>\n<\/ul>\n\n\n\n<p><\/p>\n<\/div>\n<\/div>\n\n\n\n<h2 class=\"wp-block-heading has-text-align-center has-text-color\" id=\"la-methode-smart-un-accompagnement-individualise\" style=\"color:#ffc1d0\">MA METHODE A2P : UN ACCOMPAGNEMENT INDIVIDUALISE<\/h2>\n\n\n\n<p><strong>Un accompagnement individualis\u00e9<\/strong>, sur mesure avec un outil adapt\u00e9. <strong>Le test A2P<\/strong> permet \u00e0 chaque personne de d\u00e9couvrir ses formes d&rsquo;intelligence et l\u2019indicateur typologique de l\u2019analyse de la personnalit\u00e9 professionnelle vous indique vos dispositions naturelles pour une profession. Il vous expliquera comment vous fonctionnez spontan\u00e9ment en situation de travail et, en cons\u00e9quence il vous dira pour quels types d\u2019\u00e9tudes et de m\u00e9tiers vous serez le plus \u00e9panoui et performant. L\u2019IT A2P est un questionnaire donc une s\u00e9rie de questions. <\/p>\n\n\n\n<p>Ma<strong> m\u00e9thode SMART<\/strong> vous sera propos\u00e9e en fonction de vos attentes et vos besoins dans le cadre de votre projet d&rsquo;orientation professionnelle ou scolaire.  <\/p>\n\n\n\n<div class=\"wp-block-media-text alignwide has-media-on-the-right is-stacked-on-mobile\"><div class=\"wp-block-media-text__content\">\n<ul class=\"wp-block-list\">\n<li><strong>Sp\u00e9cifique<\/strong> avec l&rsquo;outil A2P (Consultante certifi\u00e9e A2P)<\/li>\n\n\n\n<li><strong>Mesurable<\/strong> avec les indicateurs de personnalit\u00e9 professionnelle<\/li>\n\n\n\n<li><strong>Atteignable<\/strong> entre 2 et 3 semaines pour un bilan<\/li>\n\n\n\n<li><strong>R\u00e9aliste<\/strong> pour d\u00e9couvrir votre profil scolaire et m\u00e9tier<\/li>\n\n\n\n<li><strong>Temporellement d\u00e9fini<\/strong> avec 6 heures de rdv en moyenne <\/li>\n<\/ul>\n<\/div><figure class=\"wp-block-media-text__media\"><img decoding=\"async\" width=\"1024\" height=\"683\" src=\"http:\/\/smartprojetpro.fr\/wp-content\/uploads\/2021\/10\/coaching-1024x683.jpg\" alt=\"\" class=\"wp-image-250 size-full\" srcset=\"https:\/\/smartprojetpro.fr\/wp-content\/uploads\/2021\/10\/coaching-1024x683.jpg 1024w, https:\/\/smartprojetpro.fr\/wp-content\/uploads\/2021\/10\/coaching-300x200.jpg 300w, https:\/\/smartprojetpro.fr\/wp-content\/uploads\/2021\/10\/coaching-768x512.jpg 768w, https:\/\/smartprojetpro.fr\/wp-content\/uploads\/2021\/10\/coaching.jpg 1200w\" sizes=\"(max-width: 1024px) 100vw, 1024px\" \/><\/figure><\/div>\n\n\n\n<h2 class=\"wp-block-heading has-text-align-center has-text-color has-extra-large-font-size\" id=\"a2p-analyse-de-personnalite-professionnelle\" style=\"color:#ffc1d0\">A2P : ANALYSE DE PERSONNALITE PROFESSIONNELLE<\/h2>\n\n\n\n<p><strong>L\u2019analyse A2P fond\u00e9e par <a href=\"https:\/\/www.editions-harmattan.fr\/index.asp?navig=auteurs&amp;obj=artiste&amp;no=8714\" target=\"_blank\" rel=\"noreferrer noopener\">Robert JOURDA<\/a> <\/strong>est un outil qui permet de d\u00e9couvrir sa personnalit\u00e9 professionnelle, ses pr\u00e9dispositions naturelles pour exercer le m\u00e9tier qui vous permettra d&rsquo;\u00eatre heureux au travail, d&rsquo;accomplir les t\u00e2ches, les fonctions et responsabilit\u00e9s avec performance et satisfaction.<\/p>\n\n\n\n<p class=\"has-black-color has-text-color\"><strong>Smart Projet Pro membre de l&rsquo;association <a href=\"https:\/\/www.ia2p.fr\/\" target=\"_blank\" rel=\"noreferrer noopener\">IA2P<\/a> vous permet de d\u00e9couvrir la graine qu&rsquo;on a en soi et retrouver la motivation. <\/strong><\/p>\n\n\n\n<div class=\"wp-block-media-text alignwide is-stacked-on-mobile\" style=\"grid-template-columns:39% auto\"><figure class=\"wp-block-media-text__media\"><img decoding=\"async\" width=\"768\" height=\"1024\" src=\"http:\/\/smartprojetpro.fr\/wp-content\/uploads\/2021\/10\/IMG_2187-768x1024.jpg\" alt=\"\" class=\"wp-image-315 size-full\" srcset=\"https:\/\/smartprojetpro.fr\/wp-content\/uploads\/2021\/10\/IMG_2187-768x1024.jpg 768w, https:\/\/smartprojetpro.fr\/wp-content\/uploads\/2021\/10\/IMG_2187-225x300.jpg 225w, https:\/\/smartprojetpro.fr\/wp-content\/uploads\/2021\/10\/IMG_2187-1152x1536.jpg 1152w, https:\/\/smartprojetpro.fr\/wp-content\/uploads\/2021\/10\/IMG_2187-1536x2048.jpg 1536w, https:\/\/smartprojetpro.fr\/wp-content\/uploads\/2021\/10\/IMG_2187-scaled.jpg 1920w\" sizes=\"(max-width: 768px) 100vw, 768px\" \/><\/figure><div class=\"wp-block-media-text__content\">\n<blockquote class=\"wp-block-quote\">\n<p><em>Le travail est le lieu d\u2019accomplissement de soi, de r\u00e9alisation des donn\u00e9es re\u00e7ues \u00e0 la naissance<\/em><\/p>\n<\/p>\n<p><cite>Robert JOURDA<\/cite><\/p>\n<\/blockquote>\n<\/div><\/div>\n","protected":false},"excerpt":{"rendered":"<p>SABINE MORELLON-SAUGUET Cr\u00e9atrice de la soci\u00e9t\u00e9 Smart Projet Pro, je vous accompagne dans la pr\u00e9paration de votre projet d\u2019orientation professionnelle et de formation avec la r\u00e9alisation de l&rsquo;analyse de personnalit\u00e9 &hellip; <\/p>\n","protected":false},"author":1,"featured_media":0,"parent":0,"menu_order":0,"comment_status":"closed","ping_status":"closed","template":"","meta":{"footnotes":""},"class_list":["post-17","page","type-page","status-publish","hentry","has-meta has-sticky-meta"],"yoast_head":"<!-- This site is optimized with the Yoast SEO plugin v27.5 - https:\/\/yoast.com\/product\/yoast-seo-wordpress\/ -->\n<title>A2P : Analyse Personnalit\u00e9 Professionnelle<\/title>\n<meta name=\"description\" content=\"Analyse de la Personnalit\u00e9 Professionnelle pour d\u00e9couvrir sa personnalit\u00e9 professionnelle et trouver le m\u00e9tier pour vous \u00e9panouir au travail\" \/>\n<meta name=\"robots\" content=\"index, follow, max-snippet:-1, max-image-preview:large, max-video-preview:-1\" \/>\n<link rel=\"canonical\" href=\"https:\/\/smartprojetpro.fr\/accueil\/analyse-personnalite-professionnelle\/\" \/>\n<meta property=\"og:locale\" content=\"fr_FR\" \/>\n<meta property=\"og:type\" content=\"article\" \/>\n<meta property=\"og:title\" content=\"A2P : Analyse Personnalit\u00e9 Professionnelle\" \/>\n<meta property=\"og:description\" content=\"Analyse de la Personnalit\u00e9 Professionnelle pour d\u00e9couvrir sa personnalit\u00e9 professionnelle et trouver le m\u00e9tier pour vous \u00e9panouir au travail\" \/>\n<meta property=\"og:url\" content=\"https:\/\/smartprojetpro.fr\/accueil\/analyse-personnalite-professionnelle\/\" \/>\n<meta property=\"og:site_name\" content=\"SMART PROJET PRO\" \/>\n<meta property=\"article:modified_time\" content=\"2023-11-05T16:30:20+00:00\" \/>\n<meta property=\"og:image\" content=\"http:\/\/smartprojetpro.fr\/wp-content\/uploads\/2021\/10\/photosab-682x1024.jpg\" \/>\n<meta name=\"twitter:card\" content=\"summary_large_image\" \/>\n<meta name=\"twitter:label1\" content=\"Dur\u00e9e de lecture estim\u00e9e\" \/>\n\t<meta name=\"twitter:data1\" content=\"3 minutes\" \/>\n<script type=\"application\/ld+json\" class=\"yoast-schema-graph\">{\"@context\":\"https:\\\/\\\/schema.org\",\"@graph\":[{\"@type\":\"WebPage\",\"@id\":\"https:\\\/\\\/smartprojetpro.fr\\\/accueil\\\/analyse-personnalite-professionnelle\\\/\",\"url\":\"https:\\\/\\\/smartprojetpro.fr\\\/accueil\\\/analyse-personnalite-professionnelle\\\/\",\"name\":\"A2P : Analyse Personnalit\u00e9 Professionnelle\",\"isPartOf\":{\"@id\":\"https:\\\/\\\/smartprojetpro.fr\\\/accueil\\\/#website\"},\"primaryImageOfPage\":{\"@id\":\"https:\\\/\\\/smartprojetpro.fr\\\/accueil\\\/analyse-personnalite-professionnelle\\\/#primaryimage\"},\"image\":{\"@id\":\"https:\\\/\\\/smartprojetpro.fr\\\/accueil\\\/analyse-personnalite-professionnelle\\\/#primaryimage\"},\"thumbnailUrl\":\"http:\\\/\\\/smartprojetpro.fr\\\/wp-content\\\/uploads\\\/2021\\\/10\\\/photosab-682x1024.jpg\",\"datePublished\":\"2021-10-15T10:56:16+00:00\",\"dateModified\":\"2023-11-05T16:30:20+00:00\",\"description\":\"Analyse de la Personnalit\u00e9 Professionnelle pour d\u00e9couvrir sa personnalit\u00e9 professionnelle et trouver le m\u00e9tier pour vous \u00e9panouir au travail\",\"breadcrumb\":{\"@id\":\"https:\\\/\\\/smartprojetpro.fr\\\/accueil\\\/analyse-personnalite-professionnelle\\\/#breadcrumb\"},\"inLanguage\":\"fr-FR\",\"potentialAction\":[{\"@type\":\"ReadAction\",\"target\":[\"https:\\\/\\\/smartprojetpro.fr\\\/accueil\\\/analyse-personnalite-professionnelle\\\/\"]}]},{\"@type\":\"ImageObject\",\"inLanguage\":\"fr-FR\",\"@id\":\"https:\\\/\\\/smartprojetpro.fr\\\/accueil\\\/analyse-personnalite-professionnelle\\\/#primaryimage\",\"url\":\"http:\\\/\\\/smartprojetpro.fr\\\/wp-content\\\/uploads\\\/2021\\\/10\\\/photosab-682x1024.jpg\",\"contentUrl\":\"http:\\\/\\\/smartprojetpro.fr\\\/wp-content\\\/uploads\\\/2021\\\/10\\\/photosab-682x1024.jpg\"},{\"@type\":\"BreadcrumbList\",\"@id\":\"https:\\\/\\\/smartprojetpro.fr\\\/accueil\\\/analyse-personnalite-professionnelle\\\/#breadcrumb\",\"itemListElement\":[{\"@type\":\"ListItem\",\"position\":1,\"name\":\"Accueil\",\"item\":\"https:\\\/\\\/smartprojetpro.fr\\\/accueil\\\/\"},{\"@type\":\"ListItem\",\"position\":2,\"name\":\"Smart Projet Pro\"}]},{\"@type\":\"WebSite\",\"@id\":\"https:\\\/\\\/smartprojetpro.fr\\\/accueil\\\/#website\",\"url\":\"https:\\\/\\\/smartprojetpro.fr\\\/accueil\\\/\",\"name\":\"SMART PROJET PRO\",\"description\":\"R\u00e9v\u00e9lateur de vos talents professionnels : Orientation Professionnelle et Scolaire, Analyse de la Personnalit\u00e9 Professionnelle, Bilan de Comp\u00e9tences\",\"publisher\":{\"@id\":\"https:\\\/\\\/smartprojetpro.fr\\\/accueil\\\/#organization\"},\"potentialAction\":[{\"@type\":\"SearchAction\",\"target\":{\"@type\":\"EntryPoint\",\"urlTemplate\":\"https:\\\/\\\/smartprojetpro.fr\\\/accueil\\\/?s={search_term_string}\"},\"query-input\":{\"@type\":\"PropertyValueSpecification\",\"valueRequired\":true,\"valueName\":\"search_term_string\"}}],\"inLanguage\":\"fr-FR\"},{\"@type\":\"Organization\",\"@id\":\"https:\\\/\\\/smartprojetpro.fr\\\/accueil\\\/#organization\",\"name\":\"SMART PROJET PRO\",\"url\":\"https:\\\/\\\/smartprojetpro.fr\\\/accueil\\\/\",\"logo\":{\"@type\":\"ImageObject\",\"inLanguage\":\"fr-FR\",\"@id\":\"https:\\\/\\\/smartprojetpro.fr\\\/accueil\\\/#\\\/schema\\\/logo\\\/image\\\/\",\"url\":\"https:\\\/\\\/smartprojetpro.fr\\\/wp-content\\\/uploads\\\/2021\\\/10\\\/cropped-cropped-logo-sabine-smart-projet-pro.png\",\"contentUrl\":\"https:\\\/\\\/smartprojetpro.fr\\\/wp-content\\\/uploads\\\/2021\\\/10\\\/cropped-cropped-logo-sabine-smart-projet-pro.png\",\"width\":679,\"height\":720,\"caption\":\"SMART PROJET PRO\"},\"image\":{\"@id\":\"https:\\\/\\\/smartprojetpro.fr\\\/accueil\\\/#\\\/schema\\\/logo\\\/image\\\/\"}}]}<\/script>\n<!-- \/ Yoast SEO plugin. -->","yoast_head_json":{"title":"A2P : Analyse Personnalit\u00e9 Professionnelle","description":"Analyse de la Personnalit\u00e9 Professionnelle pour d\u00e9couvrir sa personnalit\u00e9 professionnelle et trouver le m\u00e9tier pour vous \u00e9panouir au travail","robots":{"index":"index","follow":"follow","max-snippet":"max-snippet:-1","max-image-preview":"max-image-preview:large","max-video-preview":"max-video-preview:-1"},"canonical":"https:\/\/smartprojetpro.fr\/accueil\/analyse-personnalite-professionnelle\/","og_locale":"fr_FR","og_type":"article","og_title":"A2P : Analyse Personnalit\u00e9 Professionnelle","og_description":"Analyse de la Personnalit\u00e9 Professionnelle pour d\u00e9couvrir sa personnalit\u00e9 professionnelle et trouver le m\u00e9tier pour vous \u00e9panouir au travail","og_url":"https:\/\/smartprojetpro.fr\/accueil\/analyse-personnalite-professionnelle\/","og_site_name":"SMART PROJET PRO","article_modified_time":"2023-11-05T16:30:20+00:00","og_image":[{"url":"http:\/\/smartprojetpro.fr\/wp-content\/uploads\/2021\/10\/photosab-682x1024.jpg","type":"","width":"","height":""}],"twitter_card":"summary_large_image","twitter_misc":{"Dur\u00e9e de lecture estim\u00e9e":"3 minutes"},"schema":{"@context":"https:\/\/schema.org","@graph":[{"@type":"WebPage","@id":"https:\/\/smartprojetpro.fr\/accueil\/analyse-personnalite-professionnelle\/","url":"https:\/\/smartprojetpro.fr\/accueil\/analyse-personnalite-professionnelle\/","name":"A2P : Analyse Personnalit\u00e9 Professionnelle","isPartOf":{"@id":"https:\/\/smartprojetpro.fr\/accueil\/#website"},"primaryImageOfPage":{"@id":"https:\/\/smartprojetpro.fr\/accueil\/analyse-personnalite-professionnelle\/#primaryimage"},"image":{"@id":"https:\/\/smartprojetpro.fr\/accueil\/analyse-personnalite-professionnelle\/#primaryimage"},"thumbnailUrl":"http:\/\/smartprojetpro.fr\/wp-content\/uploads\/2021\/10\/photosab-682x1024.jpg","datePublished":"2021-10-15T10:56:16+00:00","dateModified":"2023-11-05T16:30:20+00:00","description":"Analyse de la Personnalit\u00e9 Professionnelle pour d\u00e9couvrir sa personnalit\u00e9 professionnelle et trouver le m\u00e9tier pour vous \u00e9panouir au travail","breadcrumb":{"@id":"https:\/\/smartprojetpro.fr\/accueil\/analyse-personnalite-professionnelle\/#breadcrumb"},"inLanguage":"fr-FR","potentialAction":[{"@type":"ReadAction","target":["https:\/\/smartprojetpro.fr\/accueil\/analyse-personnalite-professionnelle\/"]}]},{"@type":"ImageObject","inLanguage":"fr-FR","@id":"https:\/\/smartprojetpro.fr\/accueil\/analyse-personnalite-professionnelle\/#primaryimage","url":"http:\/\/smartprojetpro.fr\/wp-content\/uploads\/2021\/10\/photosab-682x1024.jpg","contentUrl":"http:\/\/smartprojetpro.fr\/wp-content\/uploads\/2021\/10\/photosab-682x1024.jpg"},{"@type":"BreadcrumbList","@id":"https:\/\/smartprojetpro.fr\/accueil\/analyse-personnalite-professionnelle\/#breadcrumb","itemListElement":[{"@type":"ListItem","position":1,"name":"Accueil","item":"https:\/\/smartprojetpro.fr\/accueil\/"},{"@type":"ListItem","position":2,"name":"Smart Projet Pro"}]},{"@type":"WebSite","@id":"https:\/\/smartprojetpro.fr\/accueil\/#website","url":"https:\/\/smartprojetpro.fr\/accueil\/","name":"SMART PROJET PRO","description":"R\u00e9v\u00e9lateur de vos talents professionnels : Orientation Professionnelle et Scolaire, Analyse de la Personnalit\u00e9 Professionnelle, Bilan de Comp\u00e9tences","publisher":{"@id":"https:\/\/smartprojetpro.fr\/accueil\/#organization"},"potentialAction":[{"@type":"SearchAction","target":{"@type":"EntryPoint","urlTemplate":"https:\/\/smartprojetpro.fr\/accueil\/?s={search_term_string}"},"query-input":{"@type":"PropertyValueSpecification","valueRequired":true,"valueName":"search_term_string"}}],"inLanguage":"fr-FR"},{"@type":"Organization","@id":"https:\/\/smartprojetpro.fr\/accueil\/#organization","name":"SMART PROJET PRO","url":"https:\/\/smartprojetpro.fr\/accueil\/","logo":{"@type":"ImageObject","inLanguage":"fr-FR","@id":"https:\/\/smartprojetpro.fr\/accueil\/#\/schema\/logo\/image\/","url":"https:\/\/smartprojetpro.fr\/wp-content\/uploads\/2021\/10\/cropped-cropped-logo-sabine-smart-projet-pro.png","contentUrl":"https:\/\/smartprojetpro.fr\/wp-content\/uploads\/2021\/10\/cropped-cropped-logo-sabine-smart-projet-pro.png","width":679,"height":720,"caption":"SMART PROJET PRO"},"image":{"@id":"https:\/\/smartprojetpro.fr\/accueil\/#\/schema\/logo\/image\/"}}]}},"_links":{"self":[{"href":"https:\/\/smartprojetpro.fr\/accueil\/wp-json\/wp\/v2\/pages\/17","targetHints":{"allow":["GET"]}}],"collection":[{"href":"https:\/\/smartprojetpro.fr\/accueil\/wp-json\/wp\/v2\/pages"}],"about":[{"href":"https:\/\/smartprojetpro.fr\/accueil\/wp-json\/wp\/v2\/types\/page"}],"author":[{"embeddable":true,"href":"https:\/\/smartprojetpro.fr\/accueil\/wp-json\/wp\/v2\/users\/1"}],"replies":[{"embeddable":true,"href":"https:\/\/smartprojetpro.fr\/accueil\/wp-json\/wp\/v2\/comments?post=17"}],"version-history":[{"count":42,"href":"https:\/\/smartprojetpro.fr\/accueil\/wp-json\/wp\/v2\/pages\/17\/revisions"}],"predecessor-version":[{"id":749,"href":"https:\/\/smartprojetpro.fr\/accueil\/wp-json\/wp\/v2\/pages\/17\/revisions\/749"}],"wp:attachment":[{"href":"https:\/\/smartprojetpro.fr\/accueil\/wp-json\/wp\/v2\/media?parent=17"}],"curies":[{"name":"wp","href":"https:\/\/api.w.org\/{rel}","templated":true}]}}